be o(12). Is i/(-2)*-8 + j a prime number?
False
Let m(p) = -16*p - 7. Let j = -28 - -22. Is m(j) prime?
True
Let k(a) = 8*a**2 - 9*a - 1. Let x = 16 - 20. Is k(x) a composite number?
False
Let c = -18 + 20. Suppose c*k + 3 + 7 = 0, 5*j + 3*k = 780. Is j a prime number?
False
Let w(x) = 2*x**3 - x**2 + x - 4. Let m be w(5). Let p = -163 + 4. Let j = m + p. Is j composite?
False
Suppose 7 + 7 = 7*p. Suppose -94 + 3123 = 3*g - p*w, -3*w = 5*g - 5023. Is g a composite number?
True
Suppose 0 = -30*o + 20*o + 178810. Is o a composite number?
False
Is (-18)/(-36) + (-17713)/(-2) prime?
False
Let k be (-10482)/(-8) + -1*(-4)/(-16). Suppose -g + k + 89 = 0. Is g a composite number?
False
Let x = 6544 - 4215. Is x a composite number?
True
Suppose 0 = -5*r + 2*p + 21806 + 44713, -2*p = 5*r - 66511. Is r composite?
True
Let f = -29 + 20. Let n(i) = 14*i**2 - 17*i + 39. Let u(c) = 3*c**2 - 4*c + 10. Let a(r) = 2*n(r) - 9*u(r). Is a(f) a prime number?
False
Let p = -8 - -12. Suppose 5 = -5*i + 2*z + 3*z, -6 = 5*i - p*z. Is (-2 + -2)/i - -9 a prime number?
True
Let i = 11385 + -4634. Is i prime?
False
Suppose -5*p + 5 = 0, 5*p = 20*u - 25*u + 28960. Is u a prime number?
True
Suppose 7*z - 5*z + 42 = 0. Let f be 2*z/2*2. Let i = f + 199. Is i a composite number?
False
Suppose 4*u + 5*k - 720 = 0, -3*u - 2*k = -266 - 281. Is u composite?
True
Is (-4230)/(-2 - 4) - (-8)/(-4) a composite number?
True
Let c be 4628 + (-3 - (1 - 3)). Let m = c + -3188. Is m composite?
False
Suppose 3*x = x - 4, 0 = 2*m + 4*x - 746. Let k = -96 + 168. Let i = m - k. Is i a composite number?
True
Let f be 4/(-8) + (-1218)/(-4) + 0. Is -1*(f/(-4) + 3 - -2) prime?
True
Let c be 933 - 6/((-2)/4*-4). Let k = c + -625. Is k prime?
False
Let c be (-6)/(-5)*(2 - (-1)/2). Is (3/2)/((-4)/((-280)/c)) composite?
True
Let d(b) be the third derivative of b**6/60 - b**5/15 - 7*b**4/12 + b**3/3 - 15*b**2. Is d(6) prime?
False
Let c(q) = 2872*q + 16. Let b be c(3). Suppose 0 = 5*j + 4*x - 15881, -5*x = -4*j + b + 4040. Is j prime?
False
Suppose 0 = -8*f + 9247 + 83689. Is f a prime number?
True
Let r = -5 + 7. Let w = -466 - -1584. Suppose -2*l = 7*m - 2*m - 1146, -2*m = -r*l + w. Is l a composite number?
False
Let h = -859 - -1955. Suppose h = 6*a - 1208. Suppose -4*v = 28 - a. Is v a composite number?
False
Let j = -696 + -610. Let x = j - -1979. Is x a composite number?
False
Is (-3)/3 + (-61632)/(-12) - -6 a composite number?
True
Suppose 2*r - 1305 = 2789. Is r a prime number?
False
Let u(t) = -6 + 1 + 4 - 3 + 109*t. Is u(5) a composite number?
False
Suppose 5*u + 67 - 7 = 0. Let g(c) = -3*c**2 + 15*c - 13. Let a(k) = 2*k**2 - 14*k + 13. Let h(b) = -5*a(b) - 4*g(b). Is h(u) a prime number?
False
Let i = 1715 - -8193. Suppose -4*z - 3966 = -2*g, -5*g + z + i = -2*z. Is g composite?
True
Suppose -23*f = -25*f + 12026. Is f a composite number?
True
Let z = -22 - -38. Let w = z - 16. Suppose 4*n - 716 = 4*q, 0 = -w*q - 4*q. Is n a composite number?
False
Let z = 153 + -159. Let o(j) = 6*j**2 - j - 11. Let n(r) = 7*r**2 - 2*r - 11. Let q(v) = -2*n(v) + 3*o(v). Is q(z) a prime number?
True
Suppose 0*f = 5*f - 2*q - 20901, 4*f = -5*q + 16734. Is f prime?
False
Let c(j) = -4*j**3 - 6*j**2 + 7*j + 12. Let y be c(7). Let m = -612 - y. Is m prime?
False
Suppose -52*x = -47*x - 39685. Is x a composite number?
False
Let c(y) be the second derivative of y**5/20 - y**4/2 + 2*y**3/3 - 9*y. Is c(7) a prime number?
False
Let r = 385 - 148. Suppose 0*q - r = -3*q. Is q a composite number?
False
Let l(c) = -3*c**3 - 6*c**2 - 12*c + 8. Is l(-9) a prime number?
False
Let g(i) = i**2 - 8*i - 6. Let h be g(7). Is ((-106)/4)/(((-13)/(-14))/h) a prime number?
False
Let b be (-35)/(-14)*(-356)/(-10). Let u = 5 - 15. Let y = b + u. Is y composite?
False
Let h(v) = 168*v**2 + 20*v - 85. Is h(7) a prime number?
True
Let x(f) = 29*f - 79. Is x(20) composite?
True
Suppose 2*o = -2*t + 1060, -2*t = -o - 5*t + 524. Is o composite?
True
Suppose 5*f - 6780 = 7435. Is f composite?
False
Let c(t) = 50*t**3 + 5*t**2 - 56*t + 20. Is c(7) composite?
True
Let h(l) = -1414*l + 15. Is h(-2) composite?
False
Let l(v) = -39*v. Let q be l(-2). Let c(w) = -18*w - 21. Let r be c(-3). Suppose 3*m - r = q. Is m a prime number?
True
Suppose 0 = 2*q + 370 + 188. Let y be 8/(-32) + q/4. Is 10668/y*(-10)/4 composite?
True
Let x(a) = -951*a**3 - a - 1. Let c be x(-1). Suppose -5*t + c = -2*t. Is t a prime number?
True
Suppose 2*g = -w + 1414, -2*w + 2*g = -3542 + 702. Is w composite?
True
Suppose -2 = -3*x + 4. Let d = 19 - 15. Suppose 218 = d*g - x*h - 136, -4*g + h = -349. Is g composite?
True
Suppose -2*p = -96 - 16. Let n(a) = -14*a + 7. Let w be n(5). Let y = p - w. Is y composite?
True
Let t(y) be the first derivative of y**6/60 + y**5/60 + 5*y**4/24 - y**3 - 4*y**2 + 10. Let o(v) be the second derivative of t(v). Is o(4) a prime number?
False
Is (0 + -14)*223/(-2) composite?
True
Let f(g) = -g + 5. Let d be f(5). Suppose 5*i + 5 = 0, -i = -d*p - 2*p + 1835. Is p a composite number?
True
Suppose -u = -5*u + 72. Let t be 2639*(u - 2)/4. Is t/36 - (-6)/(-27) composite?
False
Suppose 2*m - 775 = -3*o, -m - 2*o - 800 = -3*m. Is m a prime number?
False
Let m(h) = -h**3 - 3*h**2 + 5*h + 2. Let f be m(-3). Let a(p) be the third derivative of -7*p**4/24 - 7*p**3/3 - 229*p**2. Is a(f) a prime number?
False
Let y = 170 - -38. Suppose 2*j - 422 = 2*p, -2*p + y = j - 3. Is j a prime number?
True
Let l(i) = 47*i**2 + 13*i - 23. Is l(3) a prime number?
True
Let g(f) be the second derivative of -187*f**3/2 - f**2 - 3*f. Let h be g(-1). Is (-12)/(-66) + h/11 prime?
False
Let i = 34 - -637. Is i a prime number?
False
Let g = -15 - 1. Let x = -12 - g. Suppose b = r + 133, -4*b + 3*r = x*r - 532. Is b a composite number?
True
Let o(k) = -k**3 + 10*k**2 - 5*k + 3. Let g be (1 - 4)/6*28. Let v = 18 + g. Is o(v) composite?
False
Let g = -28733 + 43894. Is g a prime number?
True
Let k(j) be the second derivative of -j**5/20 + j**3/6 + 82*j**2 + 2*j. Let o be k(0). Suppose -o + 32 = -4*t. Is t composite?
True
Suppose -z + 373 = -1550. Is z a prime number?
False
Suppose -4*d = 3*w - 2081 - 4066, -7655 = -5*d + 2*w. Let t = d - 478. Is t a prime number?
False
Suppose 2*u - 5387 = -3*h, 77*h - 78*h + 2*u = -1809. Is h a prime number?
False
Suppose -30186 = -18*k - 12222. Is k a prime number?
False
Suppose s + 2*g = 17, 0 = -2*g - g + 12. Is 582/(-4)*(-66)/s a composite number?
True
Let s(l) = 23*l + 20. Let o be s(-1). Let r(h) be the third derivative of -71*h**4/24 - h**3/3 + h**2. Is r(o) prime?
True
Let l(y) = -3*y + 6. Let j be l(2). Suppose -4 = -j*b - 2*b. Suppose 0 = -3*u - b*u + 1015. Is u composite?
True
Let f = 387 + 730. Is f a composite number?
False
Let i(f) = 5*f**3 + f**2 - 2*f + 1. Suppose 0 = -11*b + 6*b - 130. Let k = b - -31. Is i(k) prime?
True
Let s(d) be the third derivative of d**5/12 - 5*d**4/8 - 11*d**3/6 + 3*d**2 - 10. Is s(10) a prime number?
False
Let t(x) = 9*x**2 + 40*x - 17. Is t(-18) prime?
True
Let r(p) = -p**3 + 2279*p**2 + 4 + 2*p - 2279*p**2. Is r(-5) a prime number?
False
Suppose -2774 = -76*n + 74*n. Is n prime?
False
Let o be 3/2 + (-151)/(-2). Let k be 12152/o - (-4)/22. Suppose -w - w + k = 0. Is w composite?
False
Let j(d) = -d**2 - 2*d + 1. Let k be j(0). Let a(m) = 1197*m - 2. Is a(k) prime?
False
Suppose 10*i - 1649 = 9*i. Suppose 4*z = -12, 5*c = -6*z + 4*z + i. Is c a composite number?
False
Let q be ((-1900)/30)/(2/3 - 1). Let f = q + -104. Is f a composite number?
True
Suppose 2*h = 4*l - 526, -2 = -2*h - 8. Let o = -61 + l. Is o composite?
True
Suppose -11*s = 24*s - 1223285. Is s a composite number?
True
Is -3*(-118280)/90 + 2/6 a prime number?
True
Is (-4 + 9)/5 - -5904 a composite number?
True
Let v = -2753 - -4462. Is v prime?
True
Let w = -96 - -96. Suppose -5*g + 17255 = 2*f, w*g + 4*g - 2*f = 13822. Is g a prime number?
False
Let g be ((-366)/(-18))/((-1)/(-9)). Suppose g = 2*b - 23. Is b composite?
False
Suppose b + 3*b = z - 743, 5*b = -25. Suppose 10*l = -z + 7903. Is l composite?
True
Let v(d) = -5*d + 1946. Let u be v(0). Let s = 3208 - u. Is s a composite number?
True
Let q(p) = 62*p**3 + 21*p**2 + 6*p + 1. Is q(6) prime?
False
Let j be (108/(-24))/(2/(-340)). Suppose 14*y - 9*y - j = 0. Is y + (0/1 -